 132 - 84. Calculate the remainder when 51 is divided by b.
24
Suppose 3*z = -12*u + 16*u + 116, -4*z + 153 = -5*u. What is the remainder when (-822)/(-7) + (-18)/42 is divided by z?
21
Let j(l) = 52*l**2 + 2*l + 1. Suppose 5*k + 41 + 79 = 0. Let x = 19 - k. What is the remainder when j(2) is divided by x?
41
Let q = 144 - 139. Let x = 14 - q. What is the remainder when 25 is divided by x?
7
Let k(r) = 3*r**2 - 29*r + 9. Let l be k(12). Let h = l + -109. What is the remainder when 14 is divided by 4*4*(-3)/h?
2
Let f(h) = h**2 - 12. Let v be f(6). Suppose 21 = -c + v. Suppose -5*q + 2*y = -150, -c*q + y = -8*q + 150. What is the remainder when 89 is divided by q?
29
Let s = 721 + -719. Suppose -3*b = -12, s*d - 4*b = -2*d + 352. Calculate the remainder when d is divided by 19.
16
Suppose -254 - 43 = -9*v. Let b = -11 - -17. What is the remainder when v is divided by b?
3
Let u be ((-905 - 1)/(-6))/(-1). Let z = u - -293. What is the remainder when z is divided by 13?
12
Let i(u) = 751*u + 274. What is the remainder when i(0) is divided by (-218)/(-4) + (-1)/(-2)?
54
Calculate the remainder when 4687 is divided by 472/4 + (-608)/38.
97
Let z(b) = 2*b**2 + 17*b - 9. Let g be z(-10). Suppose -26*t = -g*t - 10. What is the remainder when 25 is divided by t?
1
Let u(d) = 5 + 49*d - 76*d + 2*d**3 - d**3 + 17*d**2. What is the remainder when u(-18) is divided by 12?
11
Suppose 28 - 76 = -2*d. Suppose l + 2*l + 3*t = 0, -2*l + d = -4*t. What is the remainder when ((-11)/(-2))/((-1)/(-18)) + l is divided by 15?
13
Let i = 21529 - 21097. Calculate the remainder when 869 is divided by i.
5
Let a = -792 - -839. What is the remainder when 2677 is divided by a?
45
Suppose 0 = 5*u - 465 - 500. Suppose 0 = -58*i + 55*i + 150. What is the remainder when u is divided by i?
43
Suppose -m + 42 = 2*z, -3*m - 198 = -8*m + 2*z. Suppose 0 = 37*s - m*s + 93. Calculate the remainder when 73 is divided by s.
11
Let l(c) = c**3 + 2*c**2 - 3*c - 3. Let i be ((-2)/5)/((-7)/35). Suppose -4*k + 4*u = -0*k, -3*k + 2*u = -i. Calculate the remainder when 27 is divided by l(k).
6
Let d = -22 + 50. Let n be (d/6)/((-68)/(-12) - 6). Let c = n - -30. Calculate the remainder when 60 is divided by c.
12
Let f = 3325 - 3297. What is the remainder when 50 is divided by f?
22
What is the remainder when (31*(-8)/6)/((-32)/96) is divided by (0 - -2)*(10 + -1)?
16
Suppose 3*g = -n + 121, 4*n - 361 = -3*g + 150. What is the remainder when 62 is divided by (n/(-30))/(2/(-6))?
10
Let v(n) = 2*n**3 + 31*n**2 - 18*n - 15. Let a be v(-16). Suppose -12*t + a*t - 1210 = 0. What is the remainder when t is divided by 62?
56
Let f(v) = 24*v + 634. Let n = 532 - 275. What is the remainder when n is divided by f(-26)?
7
Let x(y) = y**3 - y**2 + 4*y + 8. Let n be x(0). Let v(g) = -9*g + 101. What is the remainder when 228 is divided by v(n)?
25
What is the remainder when -320 + 336 + 1*367 is divided by 64?
63
Let m(c) = -c**3 - 7*c**2 - 3*c - 1. Let v be m(-5). Let r be 1 - 1792/v - 4/(-18). Suppose -g + r = -31. What is the remainder when g is divided by 42?
40
Let c be -1*1 + (7 - 8). Let h be 3750/135 + c/(-9). Suppose -156 - h = -4*r. What is the remainder when r is divided by 18?
10
Let x(r) = -r**3 - 19*r**2 + 26*r + 10. Let q be x(-20). Let y = 234 + q. What is the remainder when y is divided by (-14)/7 - (-46 + 1)?
38
Suppose -6*u + 100 = 4*u. Suppose -u*c - 245 + 645 = 0. Calculate the remainder when 158 is divided by c.
38
Suppose -24*h - 17733 = -h. Calculate the remainder when 121 is divided by h/(-15) - (198/(-30) - -6).
17
What is the remainder when 102 is divided by 861/15 - (-12)/(-30) - 6?
0
Suppose -231 = 193*m - 196*m - 3*v, m - 167 = -16*v. Let f(d) = 0 - 9*d**2 + 35*d**2 - 1. Calculate the remainder when m is divided by f(-1).
21
Let y(l) = 55*l - 2105. Calculate the remainder when y(42) is divided by 132.
73
Let i = 276 + -117. Let w(t) = -2*t**3 - 8*t**2 + 233*t + 1196. Calculate the remainder when i is divided by w(-5).
78
Let v be -8 + (0 - -4) + -2. Let h be -117 + 4/1 + 1. Calculate the remainder when h/(-42) + (-2)/v is divided by 1.
0
Let r(k) = -42*k + 1016. What is the remainder when r(-20) is divided by 38?
32
Suppose 0 = 6*s - 495 + 123. Let f(y) = 33 - s + 43 - 5*y. Calculate the remainder when f(-6) is divided by 24.
20
Let w be 2990/14 - (-3)/7*1. Let p = 303 - w. What is the remainder when p is divided by (-1 - 5)*30/(-6)?
29
Let d = 1576 + -1009. Let p = d - 484. What is the remainder when 412 is divided by p?
80
Suppose -21*u - 16*u + 10*u = -2160. Calculate the remainder when 1456 is divided by u.
16
Suppose -5*p = 4*s - 179, p - 2*s - 125 = -2*p. Suppose -67 + p = -2*f. What is the remainder when f is divided by 4?
2
Suppose -4*c + 2*o - 15 = -137, -5*c - 2*o + 157 = 0. Suppose -2*v + 240 = 2*v. What is the remainder when v is divided by c?
29
Let r(a) = -a**2 - 10*a + 34. Let k be r(12). Suppose 3*g - y = 109, -y - 25 = -6*y. Calculate the remainder when g is divided by k/(-35)*2 - 7/49.
12
Let f(h) = -852*h + 3556. What is the remainder when f(0) is divided by 1185?
1
Let o = -9091 - -9193. What is the remainder when 5097 is divided by o?
99
Suppose -1716 = -115*b + 124. Suppose -10*g = -12*g + 4. What is the remainder when b is divided by g?
0
Suppose 0 = 6*b - 0*g + g - 99, -5*b + 4*g + 97 = 0. Suppose -2*r = -i - 399, 6*r - 1000 = r + 2*i. Calculate the remainder when r is divided by b.
15
Suppose 2*t + 8 = 3*x, t - 3*t = x - 8. Suppose -3*q - 6 = -4*z, -t*z = 5*q - 0 - 16. Calculate the remainder when q/(-1)*(-152)/(-16)*-1 is divided by 11.
8
Suppose 4*u + 2384 = 6*l, 2*l + 2*u - 1981 + 1193 = 0. What is the remainder when l is divided by 180?
36
Let k(b) = b**2 - b - 8. Let f be k(4). Suppose 603 = 3*r + 3*o, -f*r - 4*o = -r - 605. Let j = r - 109. What is the remainder when j is divided by 23?
21
Let w = 1607 + -1565. Calculate the remainder when 2544 is divided by w.
24
Suppose 0*u + 265 = 3*u - g, -u - 3*g + 85 = 0. Calculate the remainder when u is divided by 12*((-430)/40 - -11).
1
Suppose 4785 - 24985 = -200*v. Calculate the remainder when 8176 is divided by v.
96
Let o(d) = -12*d + 919. Let q be o(0). Suppose -3*t = 3*m - 2592, 0 = 2*m - t - q - 818. What is the remainder when m is divided by 58?
55
Suppose 0 = -2*v + 5*n + 1133 - 1096, -3*v + 5*n = -43. Let k = -20 - -28. Suppose -5*t + t + k = 0. Calculate the remainder when v is divided by t.
0
Let d(u) = 2*u**3 + 32*u**2 - 214*u - 105. Calculate the remainder when d(24) is divided by 18.
15
Suppose 0 = -g - k + 618 - 461, -3*g - 4*k = -477. What is the remainder when g is divided by 42?
25
Suppose -f - 2 = f, 4*w - 773 = f. What is the remainder when w is divided by 1/(12/(-64))*294/(-56)?
25
Let z = 771 - 531. Suppose 0*v - 4*v = -z. Suppose 111*c + 383924 = 385811. Calculate the remainder when v is divided by c.
9
Suppose -4001*v = -3993*v - 368. Calculate the remainder when v is divided by 5.
1
Suppose 23*b - 40310 - 108247 = 0. Calculate the remainder when b is divided by 95.
94
Suppose -4*o = -3*o - 6. Let c = 794 + -791. Suppose c*r = 5*u - 84, 5*u + 40*r - 90 = 45*r. Calculate the remainder when u is divided by o.
3
Let n = 259 + -191. Calculate the remainder when 4349 is divided by n.
65
Let h be 104/65*130/4. Let o = h - -123. What is the remainder when o is divided by 36?
31
Calculate the remainder when 7286 is divided by ((-2)/(8/25))/(6625/(-5300)).
1
Let j = -8 - -44. Suppose -n = -j + 26. What is the remainder when (-75)/(-4) + (-1)/(-4) is divided by n?
9
Let j(f) = 80 - 20 + 134 - 5*f - 44. Calculate the remainder when 89 is divided by j(25).
14
Suppose -382 + 326 = -7*i. What is the remainder when 18 is divided by i?
2
Let z(p) = 10*p + 2 - 13*p - 7*p + p**2. Suppose s - 2*r - 2*r = 104, -4*s - r = -399. What is the remainder when s is divided by z(12)?
22
What is the remainder when 1060 is divided by 1176/(-686)*7/(-2)?
4
Let h = 30 + -150. Let z = -88 - h. Suppose 2*p = 3*v - 19, v + p = -4*v + 36. Calculate the remainder when z is divided by v.
4
Suppose -4*b = 4*i - 7 - 9, 2*i - 2*b = 28. Suppose -i*p = -19*p + 320. Calculate the remainder when p is divided by 23.
9
Let v be 79/9 - (2 - 20/9). What is the remainder when 87/783 - (-2276)/v is divided by 20?
13
Calculat